f b and 19?
19
Let b = -12 - -3. Let s be 2/6 + (-204)/b. Calculate the highest common factor of 92 and s.
23
Suppose -2*h - 2*h + 3*l = -500, 480 = 4*h + 2*l. Suppose i - 4*i - 5*f = -134, 3*i + 2*f = h. What is the highest common factor of 19 and i?
19
Suppose -80 = -3*m - m. Suppose -54 = -5*g - 2*f, -5*f = -4*g + m + 10. What is the greatest common factor of 110 and g?
10
Suppose 105 - 11 = 3*v - 5*y, 10 = -2*y. Let l = -29 + 17. Let x be v/4 + 9/l. What is the highest common divisor of 5 and x?
5
Suppose -5*l - 9 = -249. Let a be (-6)/1 + 4 - -31. Let j = a - 21. Calculate the greatest common divisor of l and j.
8
Suppose q - 4*q + 318 = 0. Suppose 5*n - q = 244. What is the highest common divisor of n and 10?
10
Suppose -h - 1 = -0*h. Let v be h + 4/((-4)/(-141)). Suppose 7*c - 4*c = 60. What is the highest common divisor of v and c?
20
Let c(n) = -n**2 - 17*n - 1. Let g be c(-7). What is the greatest common factor of g and 23?
23
Suppose 2*q + 2 = p, -2*p + 10 = 3*p + q. Suppose p*k + 84 = 4*b, 3*k = -0*b - b + 21. What is the highest common divisor of 189 and b?
21
Let o = -1 - -6. Suppose o*d + 90 = 7*d. What is the greatest common divisor of 18 and d?
9
Suppose 0 = a - z - 70, 3*z - 7 = -1. Suppose -6*w + 2*w - 5*f = -11, 5*w - 3*f = 60. What is the greatest common divisor of w and a?
9
Suppose -3*t - 36 = 4*j, t - 12 = 4*t. Let m be 0/((-2)/j*3). Suppose s - 3*p - 9 = -p, m = -s - 4*p - 9. Calculate the greatest common factor of 3 and s.
3
Suppose 15 + 0 = 3*u. Suppose -2*o = -n + 4 - 34, -u*n = -5*o + 70. Calculate the greatest common factor of o and 2.
2
Let y(u) = -u**3 + 4*u**2 + 4. Let q be y(3). Let h = 3 - 0. Let g be 271/3 + 2/h. What is the highest common divisor of g and q?
13
Let h be (-1)/(-1 - 0) - -2. Suppose -4*l - l - 2*n + 23 = 0, -2*n + 14 = 2*l. What is the greatest common factor of h and l?
3
Let n be 2/(-8) + 164/16. Calculate the highest common divisor of n and 20.
10
Suppose -16 = -5*s + 3*s. Suppose -x - 3*l = s, 3*l = -9 - 6. Let j = -1 + 2. What is the highest common divisor of j and x?
1
Suppose 0 = -0*i + 5*i. Suppose 0 = o - i*o - 126. Calculate the greatest common divisor of 14 and o.
14
Let z = -32 + 47. Let q = z - 3. Let c = -121 - -253. Calculate the highest common factor of q and c.
12
Let r(u) = 0 - 4 - 8*u - 3 + 6. Let m = 6 + -8. Let k be r(m). Calculate the greatest common factor of k and 10.
5
Let f = -3 + 8. Let k = 9 - f. What is the greatest common divisor of 10 and k?
2
Suppose 5*r - v - 200 = -6*v, -r - 2*v + 40 = 0. Let s = -29 + r. Let y = s - 8. Calculate the greatest common divisor of 15 and y.
3
Let k(r) = 25*r + 4. Let g be k(4). Let x be 4/8*2 - -12. What is the highest common factor of g and x?
13
Suppose -92 = 3*d - 98. What is the highest common divisor of d and 22?
2
Suppose 4*h = w + 25, 3*h = 2*h + 4*w + 25. Calculate the highest common factor of 40 and h.
5
Suppose -9*q = -351 - 117. What is the greatest common divisor of q and 4?
4
Let v(q) be the first derivative of -q**2/2 - 13*q + 4. Let s be v(-14). Let r be 1 + (2 + 5 - -1). Calculate the greatest common factor of r and s.
1
Let l be 7/1 + (-12)/(-4). Let z be (-1)/(-1) + l + -1. Calculate the greatest common factor of 30 and z.
10
Let p = 51 + -35. Calculate the highest common divisor of p and 4.
4
Suppose c - 27 = -3. Let v(x) = -2*x**3 - 2*x**2 + 3*x - 3. Let u be v(-3). Let m = u - 12. Calculate the highest common factor of m and c.
12
Let u be (0 + 27/(-6))*-28. Calculate the highest common divisor of 14 and u.
14
Let c be 18/(-63) - 200/(-14). Suppose 3*r + 3*p = -6 + 21, 4*p = -2*r + 16. Calculate the greatest common divisor of c and r.
2
Let h = 8 - 8. Suppose -2*r = -5*c + 6, r + 3*r - c - 24 = h. Let d be (0 - (-1 + -1)) + -1. Calculate the highest common divisor of d and r.
1
Suppose 1078 = 4*i + 7*i. Calculate the highest common divisor of i and 7.
7
Let x be (1 - 4)/(9/(-297)). What is the highest common divisor of x and 11?
11
Let h = 3 + 1. Let n = -2 + 14. Calculate the highest common divisor of h and n.
4
Suppose 0 = -b + 4 + 1, 4*b = -4*x + 72. What is the highest common factor of x and 13?
13
Let f be 18*(-5)/((-45)/6). Calculate the highest common factor of 18 and f.
6
Let c = 141 - 77. Let h = 11 - 3. What is the greatest common factor of h and c?
8
Let w be (-6)/15 + (-37)/(-5). Let f = w - -15. Let j be (-4)/f + (-607)/(-11). What is the greatest common divisor of j and 22?
11
Suppose 4*b = -z + 776, -3*b - z = -b - 386. What is the highest common divisor of 78 and b?
39
Let u be (-2)/6*9/(-3) + 23. What is the highest common divisor of u and 18?
6
Let y(x) = 2*x**2 + 5*x + 2. Let a be y(-3). Suppose -l - 111 = -a*w, l + 19 = 2*w - w. Calculate the greatest common divisor of w and 207.
23
Suppose 2*p + 20 = -3*s + 45, -4*s - 20 = 0. Calculate the highest common factor of p and 40.
20
Suppose 0 = -31*v + 26*v + 405. What is the greatest common divisor of v and 9?
9
Suppose -6*t + 2*t + 580 = -3*g, 145 = t - 3*g. Calculate the highest common divisor of t and 58.
29
Suppose 0 = 2*s - 3*s + 7. What is the greatest common factor of s and 7?
7
Let p be (-18)/12*16/(-6). Suppose 0*r = -f - r - p, 20 = 4*f - 5*r. Suppose f*w = w - 3. Calculate the greatest common factor of 24 and w.
3
Let k(p) = 5*p + 53. Let i be k(-7). Calculate the highest common divisor of 6 and i.
6
Suppose 0 = -5*u + 3*d + d + 26, 0 = -u + 4*d + 18. Let j be 15/(2 + 142/(-72)). Suppose 0 = u*m + 3*m - j. Calculate the greatest common divisor of m and 12.
12
Let b be (12/(-20))/((-2)/150). Calculate the highest common factor of 9 and b.
9
Let t(g) = g**3 + 7*g**2 + 8*g + 5. Let d be t(-5). Let x = -127 + 61. Let o = -36 - x. Calculate the highest common divisor of d and o.
15
Let g(z) = -z + 18. Let l be g(0). Let d be ((-5)/15)/(1/(-9)). Let k = l - d. What is the highest common factor of 60 and k?
15
Suppose 1586 = 5*v + 641. Calculate the highest common divisor of v and 21.
21
Let c be -8*(12/16 + -1). Suppose c*d + 48 = q + 3*q, 3*q - 27 = -3*d. Calculate the highest common factor of 121 and q.
11
Suppose 4*v = 172 + 224. Suppose 4*u - 127 = -5*n, -n - 10 = -4*u + v. Calculate the greatest common factor of 70 and u.
14
Let h = 27 - 25. Suppose -4*v = 2*y - 166, 0 = -h*v - 3*y + 41 + 40. Calculate the highest common divisor of 63 and v.
21
Let t be (5 + -5)/(-2 - 0). Let q = 30 - t. What is the highest common divisor of 15 and q?
15
Suppose -2*n - 2*a = -6*a - 4, 5*n - 3*a = 24. Let w(p) = -5*p - 3. Let z be w(-3). What is the greatest common divisor of z and n?
6
Let s = 62 + -17. Calculate the greatest common divisor of s and 60.
15
Let o(b) = 22*b. Let a be o(1). Calculate the highest common factor of 22 and a.
22
Suppose 0 = -3*r + 5 + 61. Let j be r*3*(-6)/(-12). What is the greatest common factor of j and 3?
3
Suppose -2*a + 4*k = -58, 33 - 110 = -4*a - 5*k. Calculate the highest common factor of 161 and a.
23
Let o be -1 + (11 - (-6)/(-2)). Calculate the highest common factor of o and 28.
7
Let t = 12 + 4. Let f = 6 + -3. Suppose -2*q = -f*p + 86, 2*p - 4*q = -0*p + 44. What is the highest common factor of p and t?
16
Let x(h) = h + 8. Let c be x(5). Suppose -4*l + 8*l = 52. What is the greatest common factor of l and c?
13
Let d = -73 - -154. Calculate the greatest common factor of d and 54.
27
Suppose -2*n - 62 - 44 = 0. Let j = -35 - n. What is the greatest common divisor of j and 27?
9
Suppose 238 = 5*k - z, 0 = -0*k - 4*k - 5*z + 202. Let t = -5 + 15. Let i be -4*(-3)/6 + t. What is the greatest common factor of k and i?
12
Let d be 11 + 6*(-4)/8. Let y be (0 - 0) + 36 + -4. What is the greatest common factor of y and d?
8
Suppose 5*u - 444 = 3*o - 2*o, -u - 4*o = -72. Let d(w) = 3*w**2 + w - 2. Let q be d(-2). Calculate the highest common factor of q and u.
8
Suppose 2*c = -5*w + 2*w + 20, -3*w + 32 = 5*c. Calculate the greatest common divisor of c and 44.
4
Suppose 2*a - 6*a = -5*v + 11, -2*a + 14 = 4*v. Let o be 2*(3/v - 0). Suppose -p - 45 = -o*p. Calculate the greatest common divisor of 9 and p.
9
Let c = 17 + -3. Calculate the greatest common factor of 154 and c.
14
Suppose 0*l - 38 = -2*l. Suppose -3*b + 2*b = -l. What is the greatest common factor of b and 19?
19
Let h = 7 + -4. Let c = h - 2. Let s(j) = 